f 796652188.
2, 509, 391283
List the prime factors of 45223024.
2, 7, 11, 47, 71
List the prime factors of 620084088.
2, 3, 13, 662483
What are the prime factors of 384695856?
2, 3, 17, 167, 941
List the prime factors of 708868326.
2, 3, 23, 5136727
What are the prime factors of 79193880?
2, 3, 5, 219983
List the prime factors of 4918280364.
2, 3, 45539633
What are the prime factors of 977763221?
37, 127, 251, 829
List the prime factors of 227503281.
3, 23, 3297149
List the prime factors of 83249925.
3, 5, 11, 19, 47, 113
What are the prime factors of 394198716?
2, 3, 43, 103, 7417
List the prime factors of 255938199.
3, 11, 163, 47581
What are the prime factors of 1152188005?
5, 17, 31, 437263
What are the prime factors of 38908005?
3, 5, 239, 10853
List the prime factors of 3629833263.
3, 7, 1013, 18959
What are the prime factors of 124404716?
2, 83, 374713
What are the prime factors of 6851990732?
2, 53, 32320711
What are the prime factors of 103809769?
7, 17, 872351
What are the prime factors of 35832463?
751, 47713
What are the prime factors of 768291846?
2, 3, 7, 17, 1076039
List the prime factors of 605675724.
2, 3, 71, 710887
What are the prime factors of 161918159?
13, 12455243
List the prime factors of 783577880.
2, 5, 19589447
What are the prime factors of 6146440451?
30949, 198599
What are the prime factors of 126042443?
126042443
What are the prime factors of 108482723?
19, 89, 64153
What are the prime factors of 23052947?
19, 41, 101, 293
List the prime factors of 229414623.
3, 577, 132533
What are the prime factors of 1084507405?
5, 773, 280597
What are the prime factors of 98306516?
2, 7, 11, 47, 6791
What are the prime factors of 897731073?
3, 33249299
What are the prime factors of 13215970?
2, 5, 17, 269
What are the prime factors of 134262189?
3, 19, 785159
What are the prime factors of 42517477?
37, 479, 2399
List the prime factors of 75134464.
2, 257, 571
What are the prime factors of 36921265?
5, 7384253
List the prime factors of 212181589.
212181589
What are the prime factors of 79442396?
2, 11, 73, 24733
What are the prime factors of 1779713796?
2, 3, 7, 61, 347329
What are the prime factors of 49306836?
2, 3, 4108903
What are the prime factors of 41564537?
7, 5937791
List the prime factors of 1666991489.
31, 41, 1311559
List the prime factors of 3928617909.
3, 41, 887, 4001
List the prime factors of 46378588.
2, 11594647
What are the prime factors of 18647182?
2, 31, 300761
List the prime factors of 941373420.
2, 3, 5, 13, 277, 4357
List the prime factors of 105561103.
137, 770519
What are the prime factors of 804862075?
5, 47, 684989
What are the prime factors of 548919922?
2, 274459961
What are the prime factors of 511717446?
2, 3, 229, 41381
What are the prime factors of 229498257?
3, 29, 2637911
What are the prime factors of 16149889?
7, 2307127
List the prime factors of 85901853.
3, 47, 609233
List the prime factors of 40439964.
2, 3, 37, 91081
What are the prime factors of 1841210742?
2, 3, 7, 5021, 8731
List the prime factors of 2160342272.
2, 11, 767167
List the prime factors of 56157673.
11, 13, 19, 1879
What are the prime factors of 414076528?
2, 211, 122653
List the prime factors of 3806826891.
3, 7, 251, 487, 1483
What are the prime factors of 3025440778?
2, 1512720389
What are the prime factors of 140421513?
3, 17, 2753363
List the prime factors of 8307201934.
2, 20731, 200357
List the prime factors of 151564311.
3, 19, 439, 673
What are the prime factors of 709558340?
2, 5, 2879, 12323
List the prime factors of 172863854.
2, 17, 73, 257, 271
What are the prime factors of 3593550?
2, 3, 5, 23957
List the prime factors of 70577654.
2, 7, 5041261
List the prime factors of 89874773.
43, 2090111
What are the prime factors of 31467579?
3, 11, 13, 73351
What are the prime factors of 37022856?
2, 3, 13, 107, 1109
List the prime factors of 418444975.
5, 13, 31, 41, 1013
What are the prime factors of 894732925?
5, 509, 70313
What are the prime factors of 460755737?
13, 733, 48353
What are the prime factors of 1128623732?
2, 282155933
List the prime factors of 59600022.
2, 3, 131, 191, 397
What are the prime factors of 6949191322?
2, 31, 131, 855601
List the prime factors of 3652010349.
3, 13, 19, 127, 151, 257
List the prime factors of 6031270662.
2, 3, 19, 52905883
What are the prime factors of 2510224306?
2, 101, 12426853
List the prime factors of 49755851.
19, 29, 73, 1237
List the prime factors of 259548251.
6719, 38629
What are the prime factors of 151380090?
2, 3, 5, 186889
List the prime factors of 95004561.
3, 563, 56249
List the prime factors of 31707358.
2, 31, 511409
What are the prime factors of 163804964?
2, 47, 871303
What are the prime factors of 93167674?
2, 46583837
List the prime factors of 44881359.
3, 59, 253567
List the prime factors of 78552635.
5, 7, 491, 653
List the prime factors of 6656663876.
2, 1664165969
What are the prime factors of 67504763?
31, 2177573
List the prime factors of 244452855.
3, 5, 23, 708559
List the prime factors of 242096999.
89, 2720191
List the prime factors of 588196591.
109, 5396299
List the prime factors of 98614331.
17, 5800843
List the prime factors of 2880433372.
2, 720108343
List the prime factors of 988381730.
2, 5, 7, 443, 31873
List the prime factors of 191181780.
2, 3, 5, 1062121
List the prime factors of 108051477.
3, 29, 1241971
What are the prime factors of 253901523?
3, 1553, 54497
What are the prime factors of 2891164?
2, 722791
What are the prime factors of 1253940930?
2, 3, 5, 11, 79, 16033
List the prime factors of 1034743724.
2, 7, 19, 1945007
What are the prime factors of 90718821?
3, 10079869
What are the prime factors of 34169444?
2, 23, 137, 2711
List the prime factors of 1370612030.
2, 5, 113, 1212931
List the prime factors of 1523317701.
3, 507772567
What are the prime factors of 1329792245?
5, 29, 1693, 5417
List the prime factors of 199466398.
2, 3323, 30013
List the prime factors of 29889910.
2, 5, 17, 193, 911
List the prime factors of 41227990.
2, 5, 37, 111427
What are the prime factors of 325419293?
239, 1361587
What are the prime factors of 5313528632?
2, 23, 28877873
What are the prime factors of 535818990?
2, 3, 5, 7, 397, 6427
What are the prime factors of 129228169?
7, 17, 631, 1721
List the prime factors of 371492768.
2, 379, 30631
List the prime factors of 22697079.
3, 1723, 4391
List the prime factors of 1823893629.
3, 23, 229, 115429
What are the prime factors of 67842083?
103, 709, 929
List the prime factors of 127636573.
127636573
List the prime factors of 249251675.
5, 167, 227, 263
What are the prime factors of 246041933?
246041933
List the prime factors of 2776360.
2, 5, 31, 2239
List the prime factors of 21238223.
23, 257, 3593
List the prime factors of 60031402.
2, 30015701
What are the prime factors of 406726883?
406726883
List the prime factors of 48813505.
5, 13, 750977
List the prime factors of 441754534.
2, 13, 16990559
List the prime factors of 83098577.
1361, 61057
What are the prime factors of 118935153?
3, 71, 373, 499
What are the prime factors of 126582417?
3, 13, 1081901
What are the prime factors of 1662799048?
2, 967, 214943
List the prime factors of 1359510289.
23, 79, 748217
What are the prime factors of 311368511?
311368511
What are the prime factors of 49843798?
2, 24921899
What are the prime factors of 80507276?
2, 443, 45433
List the prime factors of 13317254.
2, 101, 65927
List the prime factors of 73560292.
2, 13, 17, 37, 173
What are the prime factors of 91872836?
2, 11, 73, 28603
List the prime factors of 17295548.
2, 19, 89, 2557
List the prime factors of 6955800993.
3, 113, 2279843
What are the prime factors of 30019311?
3, 7, 68071
What are the prime factors of 34825239?
3, 1439, 2689
List the prime factors of 220833940.
2, 5, 1607, 6871
What are the prime factors of 8715473?
13, 251, 2671
What are the prime factors of 31091296?
2, 19, 51137
What are the prime factors of 104536134?
2, 3, 193, 30091
What are the prime factors of 64842876?
2, 3, 7, 12253
List the prime factors of 5372042205.
3, 5, 1753, 204299
What are the prime factors of 1116192362?
2, 661, 844321
List the prime factors of 2348131932.
2, 3, 619, 105373
List the prime factors of 99898787.
181, 551927
What are the prime f